) = p**3 - p**2 - p + 2. Let z be (1 + -5 - 0)/(-1). Suppose 3*k - 2 = z*k. Let j be 1 + k + 1 + 2. What is x(j)?
4
Let j(d) be the third derivative of -d**4/6 + d**3/3 + 2*d**2. Let a be 14/4 - 9/6. Determine j(a).
-6
Let m(d) = -d**2 - d + 15. Suppose -4*l + 37 = 5*b, -3*b = -0*b - l - 12. Let j = b - 5. Determine m(j).
15
Let w(m) = -4*m**3 + 6*m**2 - 4*m - 6. Let d(k) = -3*k**3 + 5*k**2 - 3*k - 5. Let z(v) = -5*d(v) + 4*w(v). Let o be 1/(-2)*(1 - 1). What is z(o)?
1
Suppose -7*v + 20 = -3*v. Let w(k) = -k**3 + 2*k**2 + 2*k. Let j(s) = -s**2 - s. Let m(i) = v*j(i) + 3*w(i). Give m(-1).
3
Let n = -34 + 29. Let z(h) = -h - 6. Determine z(n).
-1
Let t(h) be the first derivative of h**4/4 + h**3 - 2*h**2 - 2*h + 2. Let f = 13 - 17. Calculate t(f).
-2
Let a(y) = 6 + y - y**3 - 4 + 2*y**2 - 4 + 4*y. Determine a(3).
4
Suppose t = 3*t + 12. Let g(n) = -n**2 - 1. Let j(a) = -7*a**2 - 5*a - 2. Let x(c) = 6*g(c) - j(c). Determine x(t).
2
Let z(m) = m**2 - 4*m - 3. Let g be z(5). Let w(o) = -o**2 - 3*o**2 + 7*o + 4*o**g + o**2 + 8. Give w(-6).
2
Suppose 4*z = 3*z - 1. Let w = -2 - z. Let l(s) = 3*s - 1 - 5*s + 0*s. Calculate l(w).
1
Let p be 2/4 - (-186)/(-12). Let v = p + 11. Let z = -1 - v. Let y(i) = 2*i + 1. Determine y(z).
7
Let s(m) = -m - 1. Let f = 4 + -7. Let h be s(f). Let c(d) = 6 + 0*d**h + 4*d + 2*d**2 - d**2. Give c(-4).
6
Let g(l) = -l**2 - 3*l + 2. Let q(x) = 2*x**2 + 4*x - 1. Let t = -16 - -18. Let a(o) = t*q(o) + 3*g(o). Give a(3).
10
Let m(u) be the second derivative of u**4/6 - u**2/2 + 5*u. Calculate m(-1).
1
Let i(b) be the first derivative of -1/3*b**3 + 3*b**2 + 3 - 2*b. Calculate i(6).
-2
Let t(o) = 0*o - 9 + 3*o - o. Let n be t(7). Let l(k) be the third derivative of -k**5/60 + 5*k**4/24 - k**2. What is l(n)?
0
Let b = -3 + 4. Let u(w) be the first derivative of 0*w + 1/3*w**3 + 1/2*w**2 - 1. Determine u(b).
2
Let w(r) = -r - 3. Let z(c) = -2*c + 1. Let d be z(-1). Let s(b) = -7*b**2 + b**d - 2 - 8*b - 3*b + 3*b. Let y be s(8). Determine w(y).
-1
Let l be (-5)/(20/4) + 1. Let v(t) = t**3 + 15. What is v(l)?
15
Let g(z) = 2*z + 1. Let j(x) = -6*x**3 - x**2 - x. Let f be j(-1). Suppose -2*w - f = -22. Let d = -5 + w. Give g(d).
7
Let l(u) = -u - 1. Let a be l(-5). Let n(p) = -4*p + 21. Let y be n(5). Suppose -a*o + 13 = y. Let m(f) = -f**3 + 3*f**2 + f - 2. Give m(o).
1
Let h(p) = -p**2 + 6*p - 4. Suppose 2*a - 10 + 30 = 2*u, 3*a = -3*u. Give h(u).
1
Let b be 0*1*(-3)/(-6). Let x = -2 + b. Let n(v) = -2*v**3 - 3*v**2 + v + 2. Determine n(x).
4
Let r(n) = -n + 1. Let k = -27 + 25. What is r(k)?
3
Suppose -5*u - 30 = -5*p, -u = -4*p - 0*p + 27. Let x(s) = -s**2 + 8*s - 6. Determine x(p).
1
Let l(u) be the second derivative of u**8/6720 - u**7/420 + u**6/120 + u**4/4 + u. Let k(f) be the third derivative of l(f). Determine k(5).
5
Let w(z) = 10*z**3 - 3 - 2*z**3 + 0*z**3 + 2*z - 9*z**3 - 2*z**2. Calculate w(-4).
21
Let q(i) = -i + 8. Suppose -5*f + 0*f = -30. What is q(f)?
2
Let t(n) = -n**3 - 7*n**2 - 8*n - 9. Let q be t(-6). Let u = -42 + 44. Let m(p) = -2 + p**2 + q*p + u*p + 0*p**2. Give m(-5).
-2
Let v(q) be the second derivative of -q**5/20 + q**3/2 - 3*q**2/2 - q. Let o be (1 + 1 - 4) + 5. Suppose -4*j + 8 = 5*r, -3*j - o*r = j - 8. Give v(j).
-5
Let o(p) = -p. Let h(w) = -2*w**2 + 6*w + 3. Let c(j) = -h(j) - 4*o(j). What is c(-2)?
9
Let u(v) = v + 10. Let h(t) = 2*t + 20. Let d(z) = -3*z + 2. Let k be d(2). Let w(r) = k*h(r) + 9*u(r). Calculate w(0).
10
Suppose -t + a = 1, 0*a = -5*a + 5. Let q be (t - 1) + 3 + 1. Let f(y) = -y + 2. Give f(q).
-1
Suppose 3*u + 2 = -13. Let s = u - -7. Let x(q) = -3*q**3 + 2*q**2 - 2*q - 4. Let h(c) = 13*c**3 - 8*c**2 + 9*c + 17. Let o(p) = 2*h(p) + 9*x(p). Give o(s).
-2
Let c be 2*(1 + (0 - 0)). Let q(b) = -2*b + 5*b**2 - 2*b**2 - 5*b + 3*b + 2. Determine q(c).
6
Let a(z) = -10*z - 1 - z**2 + 9*z - 3*z. Determine a(-4).
-1
Let i(p) be the third derivative of -p**4/24 - p**3/6 + 2*p**2. Let g = -3 - -3. Suppose -4*o - 7 - 1 = g. Calculate i(o).
1
Let v(l) be the first derivative of l**3/3 + 6*l**2 + 8*l - 2. Let o be v(-11). Let f(j) = j**3 + 5*j**2 + 3*j - 1. Calculate f(o).
8
Let g = 6 + -4. Let s(l) = 4 + 2 - 1 + g*l + l. Give s(-4).
-7
Let a(x) = 5*x**2 - x**3 + 4*x + 2*x - 3 - 4*x + 1. Let w be 2/(-7) + (925/35)/5. Calculate a(w).
8
Let c(m) = -m - 6*m**2 - m + 5 - m**3 + 4*m. Calculate c(-6).
-7
Let v(m) = m**2 - 2*m + 3. Let t(s) = -s + 10. Let z be t(8). Give v(z).
3
Let y(f) = -4*f**2 + 1. Let h = 1 - 2. Let b = h - -7. Suppose s = b*s - 5. Determine y(s).
-3
Let f(t) = 13*t**2 + 24*t - 1. Let c(m) = -3*m**2 - 6*m. Suppose 2*i - 1 = -5. Let n(g) = i*f(g) - 9*c(g). Calculate n(-4).
-6
Let q(i) = 2*i**2. Let a be q(1). Let x(g) = a*g + 0*g - g + 2. What is x(0)?
2
Let w(k) = k**2 + 9*k - 14. Let g(y) = -6*y**2 - 44*y + 71. Let j(s) = 2*g(s) + 11*w(s). Let u be j(10). Let f(b) = b + 1. Calculate f(u).
-1
Let k(x) = x**2 - x. Let r(j) = 2*j**2 - 7*j - 4. Let c(b) = -3*k(b) + r(b). Let a = -45 - -42. Calculate c(a).
-1
Let f(i) = -6*i - 3. Let c(p) = 11*p + 5. Let q(h) = 4*c(h) + 7*f(h). Suppose 5*o = 2*g + 3*g - 35, -5*o = -2*g + 23. Suppose -y = -3*y + g. What is q(y)?
3
Let v(k) be the third derivative of -1/60*k**6 + 0 + 1/6*k**3 + 0*k + k**2 - 1/12*k**4 + 1/30*k**5. Let u = 4 + -3. Determine v(u).
-1
Suppose 5*j + 0*j - 5*m - 65 = 0, j - 5*m = 13. Let h = j - 10. Let w(g) = -g**2 - g + 1. Let x(s) = -2*s**2 + 2*s. Let z(p) = w(p) - x(p). Determine z(h).
1
Let w = -4 - -5. Let z(i) = 4 - 1 - i - w. Suppose 3*f + 6 = -4*s, 4*s + 4*f + 8 = 2*f. What is z(s)?
5
Let j(x) be the second derivative of -x**3/6 + 3*x**2/2 + 3*x. Calculate j(-3).
6
Let q(y) be the third derivative of 0*y**3 + 0*y**4 - 1/60*y**5 - 2*y**2 + 0*y + 0. Calculate q(0).
0
Let n = -4 - -6. Let v(y) = 3 - 1 - 3*y**n - 2*y**3 - 1 - y. Determine v(-2).
7
Let j(m) be the first derivative of -m**4/4 + m**3/3 - 9*m - 1. Suppose -7*g + 12 = -3*g. Let z = g - 3. Determine j(z).
-9
Suppose 2*m = u, -4*u + 4*m - 8 = -0*m. Let y(k) = -k. What is y(u)?
4
Let o(h) = 74 - 44 + 2*h + h**2 - 33. Suppose s = 2*x - 8, 7 - 3 = s. Let p(r) = -r**2 + 5*r + 2. Let f be p(x). Calculate o(f).
5
Suppose 5*v + w - 36 = 0, -2*w = 5 + 3. Let p(o) = 0 - 6*o**2 - 3*o**3 + 0 + v*o**2. What is p(2)?
-16
Suppose -5*a + 5 = -10. Let g(s) = s**2 - 3*s + 4. Calculate g(a).
4
Let g = 14 - 8. Let o be (-2)/g*(-45)/(-3). Let s(d) = 2*d + 4. Give s(o).
-6
Let m(v) = -2*v - 1. Let q = -4 + 20. Suppose -4*n - 4*d - q = 0, 0*n = 4*n - d + 16. Calculate m(n).
7
Let n(m) = 11*m + 1. Let c(u) = 5*u + 1. Let l(x) = 13*c(x) - 6*n(x). Let o be l(5). Let g(t) = t**3 - 2*t**2 + 3*t - 3. What is g(o)?
3
Let d(m) = -2*m. Let k be d(-10). Suppose k = 5*f - 5*a, 0 = -5*a - 6 - 4. Let w(g) = -g**2 + 0*g**2 + 4*g + 2*g**f. Calculate w(-4).
0
Let q(w) = -w**3 + w**2. Let p(r) = -2*r**3 - r**2 + 4*r - 6. Let j(s) = p(s) - 3*q(s). Determine j(4).
10
Suppose 2*q + 2*g + 4 = 3*q, q - 5*g - 13 = 0. Let p(h) = 10*h**2 - 4*h - 10. Let v(j) = 3*j**2 - j - 3. Let a(o) = -2*p(o) + 7*v(o). Give a(q).
1
Let z(i) = 3*i + 1. Suppose -5*g - 19 = -3*f, 4*f - 3*f = -3*g - 17. Let n be (1 + f)*(3 - 2). Calculate z(n).
-2
Let b(o) = 0 + 0 - o - 2. Determine b(6).
-8
Let y(m) = -8*m - 34. Let p be y(-4). Suppose -1 = 4*g - 17. Let c(d) = 2 - 5 - g*d - d**3 + 2*d**3. Determine c(p).
-3
Let j(i) = -i - 4. Let t be j(-5). Let w be 6 + t*(-1 - 0). Let n(p) = -3 + w*p - 3*p - 4*p**3 + 4*p**2 + 3*p**3. What is n(4)?
5
Suppose -2*w = -3 + 7. Let t be (-1)/w + (-26)/(-4). Let m(b) = b - b + 5 - 4*b**2 + b**3 - t*b. Give m(5).
-5
Let c(p) be the first derivative of -p**3/3 + 3*p**2 - p + 2. Let l be c(6). Let f(j) = 5*j - 1. Let r(w) = 20*w - 4. Let z(o) = 9*f(o) - 2*r(o). Give z(l).
-6
Let t(v) = -3*v**3 - 5*v**2 + 4*v**2 + 2*v**3. What is t(0)?
0
Suppose -4 = 3*a + 3*l - l, a = -4*l - 8. Let s(h) = 2*h**3 + h**2. Let c be s(1). Let j = a - c. Let w(y) = y**3 + 4*y**2 + y - 1. What is w(j)?
5
Let x(g) be the third derivative of g**8/840 - g**7/2520 - g**6/360 - g**5/120 - 5*g**4/24 + 5*g**2. Let o(q) be the second derivative of x(q). Calculate o(-1).
-8
Let n(c) = c**2 - 1. Let w be n(2). Let y be (-3)/(-9)*(7 + -1). Let j(p) = w*p - 1 + 2*p**y + 3*p**3 - p - 4*p**2. What is j(1)?
2
Let j(u) = -2*